+ 17*f + 18. Let d(h) = 4*h + 2. Let x(s) = 3*d(s) - p(s). What is x(0)?
-12
Let w(o) = -o**2 + o - 2*o + 7*o**2. Let a(t) = t**2 - 15*t + 40. Let b be a(7). Let d = b + 15. Determine w(d).
7
Let k(h) be the second derivative of 1/6*h**3 + 0 + 0*h**2 - 1/20*h**5 - 1/3*h**4 + 27*h. What is k(-5)?
20
Suppose j + 1 = -0*j + q, -j + 29 = 5*q. Let f(b) = 4 - 4 + 0 + j*b. Let c(k) = -k + 3. Let y be c(4). Calculate f(y).
-4
Let h = -6 - -6. Suppose 0 = -6*n + 2*n - 5*q + 38, h = n - 3*q - 1. Let w(v) be the second derivative of v**3/6 - 11*v**2/2 + 12*v. Determine w(n).
-4
Let u(b) = 8*b + 8. Let o(c) = 3*c - 1. Let z(m) = 13*m - 5. Let i(v) = 9*o(v) - 2*z(v). Let f(x) = 4*i(x) - u(x). What is f(3)?
-16
Let z(s) = s**2 - 11*s + 1. Let x be (-54)/(-4)*(22/(-3))/(-11). Determine z(x).
-17
Let b = 102 + -106. Let f(h) = h. Let m(n) = n - 1. Let v(u) = 4*f(u) - 3*m(u). What is v(b)?
-1
Let t(m) = -m + 4. Let k = -6 - -8. Suppose k*q - 21 = -15. Calculate t(q).
1
Let i(c) = c**3 + c**2 - 1. Let s be i(1). Suppose 2*f = s + 3. Let j(w) = 2*w**2 - 6*w**2 + w**2 - 2*w**f + w**3 - 3. Give j(5).
-3
Let i(f) = -7*f**2 + 6*f - 3. Let x(w) = -6*w**2 + 6*w - 2. Let o(m) = 5*i(m) - 6*x(m). Let u(j) = 84*j + 423. Let p be u(-5). Give o(p).
-12
Let m(u) = -3*u + 2. Let d = -54 + 34. Let g = -10 - d. Suppose -g*s - 9 = -13*s. Determine m(s).
-7
Let d(u) be the second derivative of u**3/2 - u**2 - 5*u. Let l be d(2). Let v(n) be the third derivative of n**4/12 - n**3/6 - n**2. What is v(l)?
7
Let p(d) = 2*d - 3 - 5*d**3 + 4*d**2 - 5*d**3 + 9*d**3 - d**2. Calculate p(2).
5
Let l(j) = j + 2. Let f = 2 - -1. Suppose -y = 2*h - 14 - 10, 4*y - 41 = 3*h. Suppose -y + 2 = -f*p. What is l(p)?
6
Let w(k) be the first derivative of -5*k**2/2 + k - 1. Let n = 36 - 32. Suppose 9*h - n*h + 15 = 0, 8 = -q - 3*h. Determine w(q).
-4
Let d(y) = -y**2 - 4*y - 2. Let r(j) = -3*j - 51. Let f(w) = -w. Let a(k) = 3*f(k) + r(k). Let c be a(-8). Give d(c).
1
Let u = -58 - -59. Let d(q) be the second derivative of 2*q**3/3 + 4*q**2 - q. Let i(h) = -h. Let x(c) = u*d(c) + 3*i(c). Calculate x(0).
8
Let n(z) be the second derivative of z**6/120 + z**5/10 - 7*z**4/24 - 5*z**3/6 + 23*z**2/2 + 22*z. Let h(w) be the first derivative of n(w). Give h(-7).
-5
Let v(s) = 20*s - 8*s - 7*s + s - 5*s - 1. Let a(k) = k + 8. Let x be a(-6). Give v(x).
1
Let o(v) = -v - 1. Let k(d) = 5*d**2 - 15*d - 9. Let i(w) = k(w) - 6*o(w). Let z(n) = -6*n**2 + 10*n + 2. Let c(m) = 5*i(m) + 4*z(m). Calculate c(6).
-1
Let b(r) = -r**2 + 7*r + 1. Suppose 5*d - d + 12 = 0. Let k(v) = v**3 + 3*v**2 - 2*v. Let o be k(d). What is b(o)?
7
Let r(f) be the second derivative of 1/2*f**2 + 0 - 12*f + f**3 - 1/12*f**4. Calculate r(7).
-6
Let a(i) = i**3 - 12*i**2 + 11*i - 5. Let b be a(11). Let t(k) = 1 + 28*k - 58*k + 29*k. What is t(b)?
6
Let d(o) = -o**3 + 5*o**2 - 3*o - 2. Let i be d(2). Let z(s) = -1 + 39*s + 3*s**3 - i*s**3 - 36*s + 3*s**2. Give z(3).
8
Let g(m) = 117*m**3 - 14*m**3 + m - 7*m**2 + 7 - 102*m**3. Give g(5).
-38
Let q(p) = p + 2. Let y be q(2). Let k be 6/9*(-9)/(-2). Let c(g) = 7 - 1 - g**2 + k*g - 2. Calculate c(y).
0
Let f be 4/((-4)/(-3)) + 13. Let q = f - 14. Suppose 0*z = -2*y + q*z + 10, 3*z = 5*y - 25. Let k(r) = r**2 - 5*r + 1. Determine k(y).
1
Let z(m) = -5*m**3 - 10*m**2 + 6*m - 9. Let j(y) = -y**3 - y**2 + y - 1. Let x = 38 + -44. Let w(s) = x*j(s) + z(s). Determine w(4).
-3
Let a(h) = 8*h**2 - 1. Let x(u) be the first derivative of u**2 - 11*u - 12. Let y be x(11). Let i = y + -12. What is a(i)?
7
Let u(a) = a**2 - 9*a + 17. Let k be u(6). Let h(t) = -4*t**3 - 4*t**2 - 4*t. Let w(f) = -f**2 - f. Let v(x) = h(x) - 5*w(x). Give v(k).
4
Let v(t) = -1 - 3 + t + 2. Let d = 11 - 6. Suppose 2*f + 2*f - g = 11, -3*g - d = 2*f. Determine v(f).
0
Let s(k) = -k**3 + 6*k**2 - k - 3. Let j = -93 + 99. Calculate s(j).
-9
Suppose 2*d + 5*b = 4*d - 10, 4*d - 34 = 3*b. Let s = d - 7. Let v(z) be the second derivative of z**5/20 - z**4/4 + z**3/2 + 2*z**2 + 11*z + 1. Give v(s).
13
Let c(v) = 5377*v**2 - 5376*v**2 - 2 - 8*v - 2. Give c(9).
5
Let r(h) = h**3 + 6*h**2 + 4*h - 3. Suppose 0 = -3*w + 3*i + 21, -2*i + 12 = 5*w - 2. Suppose 3*x - 8 = 5*u, 3*u = -0*u - x - 2. Let d = u - w. Determine r(d).
2
Let i(u) = u**2 + 13*u - 6. Suppose q + 23 = -q + y, 25 = -q - 4*y. Calculate i(q).
-6
Suppose 7*b + 40 = -23. Let x(l) = l - 2. Give x(b).
-11
Suppose -m = -3*a + 18, 3*a + 0*m - 5*m - 18 = 0. Let w(p) = -p**2 + a*p + 0*p + 6 + 0*p**2. Determine w(6).
6
Let v(i) = -5 + 1 - 3*i**3 + 5 + 2*i**3. Let p(b) = 4*b**3 + 3*b**2 + 4*b - 7. Let x(z) = -p(z) - 5*v(z). Determine x(3).
-10
Let f = -14 - -20. Suppose -d - 2*d = -f. Let v(p) = 2*p**d - 6*p + 6 - 8*p**3 - 10*p**2 + 7*p**3. Give v(-7).
-1
Let x(y) = 6*y - 5. Let z(o) = 0 - 2*o**2 + 3 + 2*o - 8*o + 3*o**2. Let u be z(4). Let s(q) = -5*q + 5. Let a(f) = u*s(f) - 4*x(f). Calculate a(6).
1
Let h(w) = -4*w**3 - 3*w**2 - w + 3. Let l(o) = -11*o**3 - 9*o**2 - 2*o + 9. Let t(n) = -8*h(n) + 3*l(n). Determine t(-4).
11
Let m(i) be the third derivative of -i**6/120 - i**5/20 - i**4/24 + i**3/3 - 2*i**2. Let o = 59 - 150. Let y be 13/o + (-26)/14. Give m(y).
0
Let r = 39 + -11. Let w be 6 - 7/(r/12). Let d(t) = -10 - t**2 - t**2 - w*t**2 + 6*t**2. Give d(0).
-10
Let h(i) = 2*i**3 - 3*i**3 + 35*i**2 - 34*i**2 - i. Let b(z) be the third derivative of z**4/24 - 5*z**3/3 - 7*z**2. Let v be b(11). What is h(v)?
-1
Suppose -137*k + 135*k + 4 = 0. Suppose -b - 17 = 5*i, 4*i = 5*b - 0 - k. Let j(t) = 1 + 3*t + 2*t - 2*t. Give j(b).
-5
Let u(i) = -7*i + 67 + 2*i - 2*i**2 - 71. Let p(g) = -g**2 - g - 1. Let b(s) = 3*p(s) - u(s). What is b(3)?
-2
Let z(n) = -n + 14. Suppose -23*s + 205 - 67 = 0. What is z(s)?
8
Let v = -19 - -19. Suppose 5*s - 25 = -v*s. Let p(r) = r**3 - 6*r**2 + 5*r - 3. Determine p(s).
-3
Let i(q) = 11*q**3 - q**2. Suppose 161 - 155 = -6*l. Determine i(l).
-12
Let j = -6 - -8. Suppose -20 = -j*s - 3*s. Suppose 4 = h, 5*p = -h + s - 30. Let w(u) = 2*u + 6. What is w(p)?
-6
Let l = 984 - 993. Let b(v) = 6*v - 1. Determine b(l).
-55
Let r(y) = -2*y**2 - y - 1. Let f(o) = -5*o - 2. Let g be f(1). Let k = -8 - g. Give r(k).
-2
Let z(x) = -x**2 + 3. Let f be z(0). Let i(c) = -c - 15 + 0*c + 63*c**f + 18 - 62*c**3. Calculate i(0).
3
Let r(o) = o - 2. Let y(n) = -2*n + 2. Let g(m) = m - 1. Let s(t) = -8*g(t) - 5*y(t). Let v(p) = -6*r(p) + 7*s(p). Determine v(2).
14
Let j(c) be the third derivative of -c**6/240 + c**5/40 - c**4/2 + 13*c**2. Let z(p) be the second derivative of j(p). Determine z(6).
-15
Suppose -1 + 3 = -2*k. Let j(f) be the second derivative of -f**2 - 1/6*f**3 - 7*f + 0. Determine j(k).
-1
Let z(m) = 2*m**3 + 4*m**2 + 3*m - 2. Let g(p) = -5*p**3 - 8*p**2 - 5*p + 3. Let k(j) = 3*g(j) + 7*z(j). Give k(5).
0
Let b(o) = 7*o + 64. Let d be b(-8). Let r(x) = x**3 - 9*x**2 + 9*x + 3. Determine r(d).
11
Suppose 14 = 7*i - 56. Let w(q) = -q**3 + 9*q**2 + 7*q + 11. Determine w(i).
-19
Let o(d) = d**3 + 11*d**2 - d - 7. Let h be o(-11). Suppose -h*a + 29 = 5*r - 1, 12 = 2*r - 3*a. Let c(f) = f - 3*f + 3*f + 2. Give c(r).
8
Let s(r) = -2*r - 10. Let i be s(-10). Let t(v) = -v**2 + 10*v + 4. Give t(i).
4
Let z(s) be the second derivative of -s**4/12 - 2*s**3 - 3*s**2 - 5*s - 19. What is z(-10)?
14
Let m = 2769 - 2763. Let f(x) = 2*x - 7. Let o be f(7). Let g(t) = -t**2 - 1 + o + 4*t + 2. What is g(m)?
-4
Let m(k) = 2*k**3 + k**2 + k. Let o(x) = 17*x**3 - 4*x**2 - 4*x + 1. Let z(y) = -3*m(y) - o(y). Give z(1).
-22
Let t(h) = -h**3 - 5*h**2 + 5*h + 4. Let s be (6/8)/((-8)/(-32)). Suppose -3 - 6 = s*v. Determine t(v).
-29
Let c(h) = -h**2 - 7*h - 4. Suppose k + 12 = -4*w - 13, 4*w + 20 = 0. Give c(k).
6
Let y(x) = -x**2 - 2*x - 1. Suppose 3*w = 2*w - 5*a + 5, 0 = -2*w + a - 1. Let i(s) = s**2 + 10*s + 14. Let h be i(-10). Suppose h = 7*t - w*t. Give y(t).
-9
Let z(k) = -k**3 + 16*k**2 - 17*k + 22. Suppose 52*g + 75 = 57*g. Calculate z(g).
-8
Let x(h) be the first derivative of h**3/3 + h**2/2 + 9*h + 39. What is x(0)?
9
Let a = 91 + -89. Let t(g) = -6*g - 6 - 11*g**2 + 3 + 12*g**a + 2. Calculate t(3).
-10
Suppose l - 803 = -791. Let q(o) = o**3 - 13*o**2 + 12*o + 2. What is q(l)?
2
Let v(a) = -a**3 - 6*a**2 + 7. Let s be v(-6). Let k = s + -11. Let y(b) = -1 + 2 + 41*b**2 + 5*